 - -2014. Suppose u - y = -3*l - 172, u - 693 = -5*l. List the prime factors of l.
139
Suppose 2*v - 9929 = 5*m, -18216 + 3285 = -3*v - 5*m. List the prime factors of v.
2, 11, 113
Let j be (-1 + 2 - 2)/(7/(-77)). Let b = j + -4. List the prime factors of b.
7
Let r(h) = 316*h - 44. What are the prime factors of r(3)?
2, 113
Let b(d) = 2*d**3 - 2*d**2 - 3*d - 5. List the prime factors of b(3).
2, 11
Let v(h) = -h**2 - 7*h - 7. Let d be v(-5). Suppose g = -d - 2. List the prime factors of -3 + (g + 3 - -30).
5
Let f(p) = 4*p**2 + 3*p - 1. Let o(n) = -n**2 + n. Let t(i) = -f(i) - 3*o(i). Let b be t(-3). List the prime factors of (b - 12)/(4/(-10)).
5
Let p(w) = 3*w. Let f be p(2). Suppose f = 5*c + 4*b, 4*c - 3*b - 12 = b. List the prime factors of (-1 - -23) + (c - -1).
5
Let d = -101 + 61. Let h = 47 + d. What are the prime factors of h?
7
Let o(c) = 3 - 3*c + c - c - 2 + 27*c**2. Let u be o(2). Suppose -z + 1 = 0, 3*z = -2*x + 2*z + u. What are the prime factors of x?
3, 17
Let w = 1753 - 1556. What are the prime factors of w?
197
Let f(i) = -i**3 + 5*i**2 + 4*i - 8. Let r be f(5). What are the prime factors of (r/(-14))/(4/(-168))?
2, 3
What are the prime factors of (-4676 - (-3 - 5))/((-3)/2)?
2, 389
Let p(d) be the first derivative of d**6/360 - d**5/120 - d**4/4 + d**3 + 8. Let g(i) be the third derivative of p(i). List the prime factors of g(5).
2, 7
What are the prime factors of 2/19 - 3030654/(-1786)?
1697
Suppose 6*z = 42 - 24. Suppose -z*s + 132 = -207. List the prime factors of s.
113
Suppose 323*r - 120 = 319*r. What are the prime factors of r?
2, 3, 5
Let a be (-5)/2*(0 - 2). Suppose -a*h + 15 = 4*x, 2*h - 2 - 1 = -x. Suppose -5*t - 2*u = 3*u - 105, x*u - 10 = 0. What are the prime factors of t?
19
Let n = 605 + -407. Suppose 0 = -3*f + 3*h + 81 + 63, 4*f + 2*h - n = 0. List the prime factors of f.
7
Suppose 2*c = 7 + 3. Suppose 2*y = -o - 26, y = -3*o - 61 - 37. Let n = c - o. What are the prime factors of n?
3, 13
Let x be (7 - 2) + (-5)/5. Suppose 2*y + 2*i - 6 = 3*i, -y - 4*i = -21. Suppose 256 = y*r + z, -x*z + 140 = 3*r - 0*z. What are the prime factors of r?
2, 13
Suppose 2*o = -5*m - 37, 2*o = -m - 7 - 10. Let s(x) = -12*x - 7. What are the prime factors of s(o)?
5, 13
Let y(w) be the third derivative of w**5/20 - w**4/3 - 4*w**3/3 - w**2. Let c be y(7). Suppose -2*h + 41 = -z, 4*h - 2*z = z + c. List the prime factors of h.
2, 5
Let t(q) = q**2 + 4*q - 1. Let i be t(-5). Suppose -i*v - 136 = -5*w, 4*w - 5*v - 52 - 55 = 0. Let j = w - 17. List the prime factors of j.
11
Let n = 6245 + -4143. List the prime factors of n.
2, 1051
Suppose 5*f - 6*f + 5400 = 4*k, 2*k = -2*f + 2694. List the prime factors of k.
7, 193
Let w be -2*-3*(-2)/(-4). Suppose 4*f = -3*z + 43, w*f = 4*z - 0*f - 49. List the prime factors of (z - 12)/(2/74).
37
What are the prime factors of (4641/221)/(((-2)/(-97))/2)?
3, 7, 97
What are the prime factors of 749 + (-6)/((9/6)/1)?
5, 149
Suppose 0 = -5*a + 47*a - 85932. List the prime factors of a.
2, 3, 11, 31
Suppose -3*c - h = -144, -h = -2*c + 37 + 54. Let m = 81 - c. List the prime factors of m.
2, 17
Let l be 12/((-6)/(-352)*4). Suppose 6*i = 2*i + l. Suppose 5*f - 3*f - i = 0. What are the prime factors of f?
2, 11
Let n(l) = -2*l**2 - 5*l - 19. Let g(v) = -3*v**2 - 7*v - 29. Let m(q) = -5*g(q) + 8*n(q). Let h be m(-5). Let t = 0 - h. What are the prime factors of t?
7
List the prime factors of 7 - (-4 - -4) - 15274/(-14).
2, 3, 61
Let i = 47 + -35. What are the prime factors of (-2 + i - 0)/(4/62)?
5, 31
Let c be 1*(-1 - -48)*17. Suppose -5*v + 181 = -c. Suppose 0 = 10*b - 14*b + v. What are the prime factors of b?
7
Let p(o) be the first derivative of 3*o**2 + 0*o + 11*o**2 - 4*o - 2 + 6*o. List the prime factors of p(1).
2, 3, 5
Let q(t) = t**2 - 8*t + 10. Let i be q(7). What are the prime factors of (69 - (-1 - i))/1?
73
Suppose 10*h - 12 = 7*h. Suppose -h + 339 = 5*y. List the prime factors of y.
67
Let q = -60 + 38. Let d(v) = -v**2 - 32*v - 27. List the prime factors of d(q).
193
Let i(c) = -c + 7. Let w be i(-5). Let m(u) = 3*u + 6. What are the prime factors of m(w)?
2, 3, 7
Let o(r) = -9*r**3 - 5*r**2 - 4*r + 5. Let t be o(-5). Suppose -115 = 7*j - t. List the prime factors of j.
2, 5, 13
Suppose 10*g - 7*g = 30. Suppose -g + 40 = 5*w. What are the prime factors of w?
2, 3
Suppose 10 = 4*a + a, r - 2 = 4*a. Suppose x + r = -2. List the prime factors of ((-36)/(-10))/(x/(-80)).
2, 3
Let c(y) = -y + 13. Let i be c(9). Let p be ((-22)/i - -1)*2. List the prime factors of 468/14 - p/(-21).
3, 11
Let n be (10 + -1)*11/33. Suppose 44 = n*m - 2*t, 2*m + 4*t - 40 = 16. What are the prime factors of (m/15)/((-9)/(-60))?
2
Suppose v - 3417 = -4*l, 50*l + 10278 = 3*v + 53*l. What are the prime factors of v?
3, 127
Let i = 17 - 14. Let c = 11 - i. Suppose 0 = -k + c. What are the prime factors of k?
2
Suppose -19*o - 34569 = -28*o. List the prime factors of o.
23, 167
Suppose 3*l - 834 = -3*u, 3*u + l - 834 = -4*l. Suppose 5*k = u + 617. What are the prime factors of k?
179
Let i be (-22)/132 - (-31)/6. Suppose 238 = i*h - 312. List the prime factors of h.
2, 5, 11
Let u = 1430 + -865. List the prime factors of u.
5, 113
Suppose -5*r = -13 + 3, -3*r = 4*t - 14. Suppose -3*u + t*u = -43. Suppose 3*i + 34 = 4*z - u, -6 = 2*i. List the prime factors of z.
17
Suppose 4*u = -4*q + 2*q + 3530, 5*q = 2*u - 1759. What are the prime factors of u?
2, 3, 7
Let g(y) = 2*y**3 - y**2 + 2*y - 1. Let c be g(2). Suppose 0*x + 5*a + c = -3*x, 0 = 3*x - a + 33. List the prime factors of (38 + 2)*(-4)/x.
2
Suppose -124*p + 131*p = 70. List the prime factors of p.
2, 5
Let s(l) = 3*l**2 + 17*l - 378. What are the prime factors of s(-26)?
2, 151
Let l be 4/6 + 250/3. List the prime factors of l + -6 + 3 - 0.
3
Let r be -2*6/(-4) - -1. Suppose -r*w = u - 235, -3*u - 10 = -u. Let h = w + -40. What are the prime factors of h?
2, 5
Suppose x + 3*u - 2 = 0, -12*x - u = -11*x - 2. What are the prime factors of x?
2
Let v be 6/(-4)*(-16)/(-12). What are the prime factors of v/(0 - (-2)/(-118))?
2, 59
List the prime factors of (-1245)/25*(4 - 22/3).
2, 83
Suppose -3*g = 3*z + 142 - 976, 5*g - 1390 = z. List the prime factors of g.
2, 139
Let l = 764 + 233. List the prime factors of l.
997
What are the prime factors of (-99)/(-18)*8*57/4?
3, 11, 19
Let a(g) = 2*g**3 + 5*g**2 + 5*g + 4. Let z = -4 - 1. Let q be a(z). Let u = q + 227. What are the prime factors of u?
3
Suppose 0 = 3*x + 483 - 1584. Suppose 5*r = -4*s - 92 + x, -3*r + 360 = 5*s. What are the prime factors of s?
3, 5
Suppose 0 = -33*f + 10074 + 5634. What are the prime factors of f?
2, 7, 17
Let r = -555 + 925. List the prime factors of r.
2, 5, 37
Let v be -7 + 8 + (-2 - 0). Let h(m) = -6*m**3 + m**2 - m - 1. Let r be h(v). List the prime factors of 2/r - (-476)/49.
2, 5
Suppose -54*g = -36*g + 108. Suppose -4*i + 0*x + 141 = -x, 3*i = 5*x + 93. List the prime factors of 1700/i - g/(-27).
47
Let q = 4221 + -1784. List the prime factors of q.
2437
Suppose 5*l - z = 2*l + 383, -2*z + 242 = 2*l. What are the prime factors of l?
2, 3, 7
Let m be (-4)/(8/82)*-1 - -1. List the prime factors of 1564/14 + 12/m.
2, 7
Suppose -5*p - 10 = -2*w - 3*w, -2*p + 24 = 5*w. Let g(v) = 13*v**2 + 2*v - 1. List the prime factors of g(p).
5, 11
Suppose 0 = -0*r - r + 1. Suppose 3 = 2*b - r. Suppose 0 = -5*t - 15, b*a - 3 = 3*t + 50. What are the prime factors of a?
2, 11
List the prime factors of ((6 - 98)*5/(-1))/2.
2, 5, 23
Let k(v) = -2*v**2 - 7*v - 3. Let d be k(-6). List the prime factors of (-4)/(-6) + (-2057)/d.
3, 7
Let q(v) = -3*v. Let t(x) = x**3 + 11*x**2 + x + 11. Let p be t(-11). Suppose -8*y + 4*y - 16 = p. List the prime factors of q(y).
2, 3
Let a(z) = 8*z - 1. Suppose 0 = -3*l + 9 - 3. Let j be a(l). Let w = -2 + j. What are the prime factors of w?
13
Suppose s - 2*x - 38 = x, -90 = -3*s + x. List the prime factors of (-1 - 13)/(s - 30).
2, 7
Let d = 659 + -1095. What are the prime factors of (13/26)/((-1)/d)?
2, 109
Let a be -1*((-66)/(-12) + (-6)/4). List the prime factors of a*(-2)/8 - (-261 - -4).
2, 3, 43
Suppose -2*c = 5*j - 5048, j + 4*c + 42 - 1048 = 0. List the prime factors of j.
2, 5, 101
Suppose -5*u - 129 + 674 = 0. What are the prime factors of u?
109
Su